ative of d**6/120 - d**5/15 + d**4/8 + 83*d**2/2 - 2*d + 14. Let a(q) be the first derivative of z(q). Calculate a(4).
12
Let j(r) be the first derivative of r**3 - 31*r**2/2 + 11*r - 6232. Give j(9).
-25
Let z(h) = -h**2 + 5*h + 6. Suppose -29*d + 308 - 105 = 0. Suppose 0 = 2*f + 3*r - 17, f = 4*r - d*r + 10. Determine z(f).
-8
Let k(l) = 6*l + 239 + 238 - 728 + 220. Calculate k(6).
5
Let q(l) = l**2 - 9*l + 4. Let h be (3/(105/10))/(34/119). Calculate q(h).
-4
Let a(p) = -2*p + 6. Let k(n) = -2*n + 6. Let w(l) = -2*a(l) + 3*k(l). Let s be -19*(-12)/(-36) + (-30)/(-9). What is w(s)?
12
Let g(n) = n**3 - 4*n**2 - 4*n - 3. Suppose -5*k - 5*y = -25, 3*k - 5*y - 11 = -4*y. Suppose 2*h = k*h - 6*h. Suppose h = s - 41 + 36. Determine g(s).
2
Let h(f) = -f**2 - 12*f - 8. Let u be h(-11). Suppose 0 = u*w + w + 8. Let c(t) = -3 + 3*t + 4*t - t - 7*t - 4*t. Calculate c(w).
7
Let s(u) = -9*u**3 - 2*u**2 - 1. Suppose -4*g = 3*h + 18, -3*h - 60*g + 57*g = 12. Calculate s(h).
-81
Let m be ((-108)/(-14))/1*-7. Let j = 56 + m. Let d(o) = -11*o**j + 5 + 26*o**2 - 16*o**2 - 6*o. Give d(-6).
5
Let d(k) = 2 + 2*k**3 - k**2 + 3*k**2 + 0*k**3 + 3*k. Suppose -99*b = -100*b + 10. Suppose -2*v + b - 14 = 0. Give d(v).
-12
Let f = -728 + 740. Let q(w) = w**2 - 11*w - 15. Calculate q(f).
-3
Let x(h) = -9*h**2 - 56*h - 44. Let k(p) = -3*p**2 - 20*p - 15. Let j(v) = -8*k(v) + 3*x(v). Give j(-5).
-47
Let k(c) = 7*c**3 - 8*c**2 - 24*c + 4. Let d(o) = 2*o**3 - o**2 + 1. Let s(q) = -3*d(q) + k(q). Let f be s(8). Let u(m) = -3*m**2 + 2*m - 1. Determine u(f).
-2
Let n be (-2)/(-6) - (-39)/(-9). Let c(a) = -5*a**2 + 14*a - 11. Let h(d) = d**2 - d. Suppose -35*s + 48*s + 13 = 0. Let l(o) = n*h(o) + s*c(o). What is l(8)?
-5
Let c(m) = -m + 3. Let t = -35 + 25. Let h be 0/(-1) - (7 + t). Calculate c(h).
0
Let u = -28 + 31. Let i(k) = 2*k + 34. Let x be i(3). Let v(c) = 24*c. Let m(b) = -312*b. Let w(q) = u*m(q) + x*v(q). What is w(1)?
24
Let h(a) = -83*a**2 - 81*a**2 + a**3 + 4*a - 91*a**2 - 87*a**2 + 328*a**2 - 16. Calculate h(14).
40
Suppose -3*m = -6*m + 5*y - 1891, 0 = -2*m + 5*y - 1254. Let p = 639 + m. Let l(u) = 13*u. Calculate l(p).
26
Suppose -20 = 16*l - 36. Let q(a) be the second derivative of -a**7/420 + a**4/24 + 5*a**3/6 + a. Let o(r) be the second derivative of q(r). Determine o(l).
-1
Suppose 768 = 10*i + 708. Let f(s) = -s**3 + 7*s**2 - 13*s + 16. Calculate f(i).
-26
Let l = 581 + -581. Let u(k) be the second derivative of l - 1/2*k**2 + 10*k - 1/2*k**3. Determine u(2).
-7
Let f(k) = -k**2 + 24*k - 33. Let g be f(9). Let t(q) = 4 + 0*q - q + g*q**2 - q - 103*q**2. Determine t(-4).
-4
Let f(t) be the second derivative of t**7/840 + t**6/60 - t**4/12 + t**3/2 + 15*t**2 - 2*t - 4. Let b(j) be the second derivative of f(j). What is b(-6)?
-2
Let n(h) = 0*h**2 + 7*h**2 - 4*h - 3 + 0*h**2 - 6*h**2. Suppose -21*l + 10*l = -66. What is n(l)?
9
Let j(v) = -3*v + 1. Let f = -1 - -4. Let o = 2462 + -2458. Let m = f - o. Give j(m).
4
Suppose -434*l + 2377 + 917 + 4084 = 0. Let h(s) be the third derivative of -s**5/30 + 11*s**4/8 + 5*s**3/3 - 2*s**2. What is h(l)?
-7
Let s(r) = r**3 - r**2 + 4*r - 3. Suppose -3*z - 15 = -3*l, -55 + 49 = 2*z. Determine s(l).
9
Let p(l) = l**3 + 3*l**2 - 3. Let d = 294 - 287. Let w be (d + -3)/4*-3. Calculate p(w).
-3
Suppose -8*j = -14903 + 14983. Let q(k) = k - 17. Determine q(j).
-27
Let o be (2 + 1)/((-4)/4). Let i be ((2 - 1) + -2)/(o/12). Let q(l) = -3*l + 1. Determine q(i).
-11
Let f be 1*21/(-4 - -7). Suppose -f*l = -1 - 6. Let m be ((-24)/(-72))/(l/(-18)). Let p(g) = g + 13. Give p(m).
7
Suppose -8*t = -1332 + 1452. Let q(u) = -u**2 - 15*u - 11. Give q(t).
-11
Let r(g) = -442*g + 2660. Let w be r(6). Let x(h) = 3*h**2 - 22*h - 30. Determine x(w).
-14
Let l be -48 + 42 - 12/(-2). Let h(f) = -f**3 - 5*f**2 + 4*f. What is h(l)?
0
Let l(m) = 75 + 1 + 6 - 175*m + 292*m + 160*m**2 + 210*m - 2*m**3. Calculate l(82).
0
Let j(p) = p**3 - 9*p**2 + 6*p**2 - 10*p**2 - 12 + 13*p. Suppose 5418*v = 10837*v - 5383*v - 432. Determine j(v).
0
Suppose k - 4*k + 12 = 0. Let z(i) = 3*i**3 + 3*i**2 - i + 36. Let g(j) = -5*j**3 - 2*j**2 + 2*j - 52. Let x(l) = 2*g(l) + 3*z(l). Give x(k).
24
Let f(b) be the second derivative of -b**5/20 + b**4/4 - b**3/6 + 5*b**2/2 - 58*b. Let x be f(4). Let q(j) = -j**3 - 16*j**2 - 15*j - 5. Calculate q(x).
-5
Let p(x) = x**2 - 8*x + 9. Let g(i) = 1. Suppose -4*b - 2*z - 4 = -0, 4*b - 5*z = 24. Let h(a) = b*p(a) + 2*g(a). Calculate h(6).
-1
Let i(q) be the third derivative of -q**5/60 - q**4/2 + 4*q**3 + 10553*q**2. Determine i(-12).
24
Let w(f) = 3*f - 3. Suppose 5*g - 10 = -20*b + 15*b, 0 = 3*g + b - 18. Calculate w(g).
21
Suppose 27 = -3*k - 2*c, -3*k = -4*c - 0 + 9. Let d(h) = -3*h - 34. Calculate d(k).
-13
Let k(o) be the second derivative of -2*o**3 + o**2/2 - 132*o. What is k(4)?
-47
Let f(t) = t**2 + 2*t. Suppose 3*i - 3*j - 387 = 0, 0 = -2*i + 4*i - 3*j - 261. Let w = i - 129. Give f(w).
3
Let l(t) = -21 + t + 12940*t**3 - 12941*t**3 + 2*t + t**2 + 0 + 1. Calculate l(5).
-105
Let m(v) be the second derivative of 2*v**3/3 - 9*v**2 - 734*v. Give m(14).
38
Let z(f) = -9*f**2 + 2*f**2 - 2*f**2 + 13 + 8*f**2. Determine z(10).
-87
Let x(t) be the first derivative of -11*t**2/2 + 19*t - 749. Give x(4).
-25
Let h(y) = y**3 + 123*y**2 + 1027*y + 98. Let x be h(-114). Let c(s) = 3*s + 2*s + 2 - 4*s. What is c(x)?
-14
Let j = 526 + -520. Suppose j*k - 104 = -20*k. Let p(q) be the second derivative of -q**4/12 + 5*q**3/6 - 2*q**2 + q. Give p(k).
0
Let t = 61 - 62. Let g(n) = -n**3 - n**2 - 1. Let k(i) = -5*i**3 - 15*i**2 + 2*i - 5. Let b(z) = t*k(z) + 6*g(z). Calculate b(9).
-19
Let q(c) = 9*c**2 - c + 1. Let m be (-56)/(-10) + 60/150. Suppose 6*i - i - m = -t, t - 3*i = -2. What is q(t)?
9
Let c(i) = 10*i + 52. Let n(g) = -3*g - 52. Let y(l) = 2*c(l) + 3*n(l). Calculate y(4).
-8
Let a(i) = -i**3 - 3*i**2 + i + 2. Let m = -39 + 49. Suppose 0 = x - m + 13. Calculate a(x).
-1
Let a be ((-46)/5)/((-12)/(-180)*-6). Let v(u) = 6 - a*u**2 - 19*u**2 + 6*u + 44*u**2 - 1. What is v(-4)?
13
Let j(r) = -r**2 + 18*r - 16. Let q(d) = d**2 - 8*d - 48. Let l be q(-5). Determine j(l).
1
Let m(w) = -23*w**2 + 24*w + 37. Let k(c) = -19*c**2 + 22*c + 33. Let v(h) = 5*k(h) - 4*m(h). Calculate v(6).
-7
Let b(k) = -88*k - 133. Let q(h) = 118*h + 133. Let p(o) = 3*b(o) + 2*q(o). Determine p(-5).
7
Let r(h) = -h**3 - h**2 - 10*h - 24. Let c be r(-5). Let v = -105 + c. Let j(w) = -v + w**2 + 43 - 21. What is j(-1)?
2
Let w(b) = 102*b**2 - 38*b - 45. Let r(x) = -37*x**2 + 13*x + 15. Let t(y) = 11*r(y) + 4*w(y). Give t(12).
21
Let w(n) = 16*n + 117. Let u be w(-7). Suppose r = i + 4*i - 4, -3*r + 8 = -u*i. Let f(h) = 4*h. Calculate f(r).
24
Let t(y) = -34*y - 343. Let v(b) = -84*b - 688. Let r(f) = 9*t(f) - 4*v(f). What is r(11)?
-5
Suppose 0 = -2*g + 5*g, 5*g = 2*f - 10. Suppose 2*y = 5*q - 26, 4*q = f*q + 4*y + 8. Let c(r) = -11*r - 3. Give c(q).
-47
Let m be ((-1)/18*3)/((-2)/24). Let h(b) = -16*b + 1. What is h(m)?
-31
Suppose -10 = -y - b, 3*y + 0 = -2*b + 28. Let g(i) be the first derivative of -i**2/2 + 4*i - 158. Calculate g(y).
-4
Let h = -332905 - -332911. Let r(a) = -3 + 7*a - 2*a - 3. Determine r(h).
24
Suppose 0 = 7*y - 151*y - 432. Let x(g) = g + 10. What is x(y)?
7
Suppose -l = 5*w - 68, 54*l = -2*w + 51*l + 9. Let q(u) be the third derivative of -u**6/120 + 17*u**5/60 - 31*u**4/24 + 2*u**3 - u**2. Determine q(w).
-3
Let d(i) = i**2 - 8*i + 6. Suppose -3*j - 19 = -5*k + 77, -4*k + 4*j + 80 = 0. Suppose -48 = -k*n + 10*n. Give d(n).
-6
Let i = -8396 - -8402. Let y(a) = -a**2 + 3*a + 56. Calculate y(i).
38
Let n(w) = -230*w + 7. Let t be n(-3). Let d(j) = 351*j**2 - j - t*j**2 + 350*j**2. Let q = 14 - 16. What is d(q)?
18
Let g(o) = -5*o - 9. Let u = -40143 - -40144. What is g(u)?
-14
Let r(k) = -63*k - 170*k**2 - 55*k + 6 + k**3 + 113*k + 177*k**2. What is r(-8)?
-18
Suppose -8*l = 12*l - 40. Let o(q) = 18*q**3 + 2*q**l - 68*q + 1 + 33*q + 33*q. Determine o(1).
19
Let g(a) be the third derivative of 0*a + 1/20*a**5 + 0 + 63*a**2 - 1/3*a**3 + 1/24*a**4. Give g(2).
12
Let a(v) = v**3 - 6*v**2 - 3*v - 10. Suppose 588 = 2*y + 82*y. What is a(y)?
18
Let n(t) = 24*t. Suppose 5*g - 2*b = 142, -7*g + 8*g = -2*b + 26. Let v be 30 + 2/(-6)*12/4. S